3?
False
Does 69 divide 10827058?
False
Does 1487 divide 2110488691?
True
Is 62 a factor of 9475457?
False
Is 550 a factor of 777692850?
True
Is 1580 a factor of 360125356?
False
Is 86626168 a multiple of 19?
True
Is 54837256 a multiple of 74?
True
Is 609560 a multiple of 35?
True
Is 2386824041 a multiple of 34?
False
Does 12 divide 10236084024?
True
Does 6 divide 237513156?
True
Is 675 a factor of 1669855500?
True
Does 392 divide 92098781?
False
Is 14 a factor of 27707204?
True
Is 26 a factor of 50218389?
False
Does 1704 divide 51765669?
False
Does 6 divide 84807642?
True
Does 331 divide 3148141?
True
Does 4 divide 432439320?
True
Does 89 divide 9911701?
False
Is 184608064 a multiple of 974?
True
Does 6 divide 26234261?
False
Is 15262032 a multiple of 24?
True
Is 626320778 a multiple of 9025?
False
Does 99 divide 176937750?
True
Is 45 a factor of 1175910873?
False
Is 178 a factor of 7993980?
True
Does 25 divide 31702598?
False
Is 15459510 a multiple of 11?
True
Is 35 a factor of 869900881?
False
Does 15 divide 140777509?
False
Is 2361759185 a multiple of 22?
False
Is 24 a factor of 2593656?
True
Is 88537160 a multiple of 2458?
True
Is 10 a factor of 1331011?
False
Does 13 divide 225273081?
False
Is 14 a factor of 6211996849?
False
Is 7004897 a multiple of 869?
False
Is 931898320 a multiple of 190?
True
Is 140 a factor of 520625227?
False
Is 158631897 a multiple of 36?
False
Is 264059750 a multiple of 925?
True
Is 8 a factor of 3775584?
True
Does 2041 divide 101341773?
True
Is 404370484 a multiple of 2902?
True
Does 52 divide 2981443617?
False
Does 68 divide 27946436?
True
Is 4089502355 a multiple of 28?
False
Is 122413620 a multiple of 14?
True
Does 312 divide 5878281?
False
Does 408 divide 696815383?
False
Is 79 a factor of 2423325?
True
Does 87 divide 100794664?
False
Does 3089 divide 113814097?
False
Is 1331050 a multiple of 7?
True
Does 3262 divide 879801225?
False
Does 1362 divide 77164110?
True
Is 53 a factor of 2550194004?
True
Is 25 a factor of 103081677?
False
Is 153 a factor of 815848785?
True
Is 94119581 a multiple of 21?
False
Is 101 a factor of 895984?
False
Is 244446104 a multiple of 392?
True
Is 4497279952 a multiple of 18?
False
Is 124 a factor of 358405012?
True
Is 4 a factor of 30624740?
True
Does 13 divide 1049451?
True
Is 35504631 a multiple of 5?
False
Is 785406038 a multiple of 292?
False
Is 8510971 a multiple of 27?
False
Is 13702745 a multiple of 35?
True
Is 27013146 a multiple of 159?
True
Does 341 divide 186779681?
True
Does 933 divide 36126732?
False
Is 121 a factor of 143949223?
True
Is 90 a factor of 10670580?
True
Is 65938494 a multiple of 23?
False
Is 9 a factor of 1568106?
True
Does 3 divide 426516?
True
Is 1290316949 a multiple of 610?
False
Is 18619589 a multiple of 79?
True
Is 54379746 a multiple of 4?
False
Is 364 a factor of 15438332?
True
Is 1200753 a multiple of 187?
False
Does 465 divide 2544352083?
False
Is 1199 a factor of 1742147?
True
Does 390 divide 971062871?
False
Is 22199450 a multiple of 490?
True
Does 429 divide 11573845?
False
Is 453 a factor of 12112993?
False
Is 186778663 a multiple of 25?
False
Does 434 divide 17346980?
True
Is 929 a factor of 217809624?
True
Is 3586940745 a multiple of 1691?
True
Is 3917 a factor of 544247565?
True
Does 32 divide 110893647?
False
Is 99458761 a multiple of 744?
False
Is 2641 a factor of 172172335?
False
Does 52 divide 38403?
False
Does 179 divide 244171215?
True
Is 1447 a factor of 3831656?
True
Does 131 divide 11277528?
True
Does 159 divide 1498072?
False
Is 4080 a factor of 1848354088?
False
Is 624 a factor of 9921464?
False
Is 465 a factor of 5896665?
True
Is 1308 a factor of 23281092?
True
Is 67 a factor of 12726985?
True
Is 18 a factor of 29299716?
True
Does 100 divide 22180000?
True
Is 136 a factor of 61566274?
False
Is 1462 a factor of 83772600?
True
Is 2532 a factor of 77502182?
False
Is 54578495 a multiple of 3109?
True
Is 406261344 a multiple of 414?
False
Is 212011744 a multiple of 8?
True
Is 475847024 a multiple of 69?
False
Is 62561240 a multiple of 118?
True
Is 4232 a factor of 182531416?
False
Does 219 divide 601250159?
False
Does 39 divide 1015748926?
False
Does 685 divide 7322226?
False
Does 142 divide 1530733304?
True
Does 33 divide 13430244?
False
Is 198 a factor of 88897185?
False
Is 12285761 a multiple of 19?
True
Does 244 divide 7562292?
True
Is 861 a factor of 70811457?
False
Does 672 divide 1310386934?
False
Does 2447 divide 489394037?
False
Is 724792850 a multiple of 122?
True
Does 15 divide 818126946?
False
Does 740 divide 75423020?
True
Is 4 a factor of 13327872?
True
Does 259 divide 490155474?
False
Is 105 a factor of 24611790?
True
Is 53 a factor of 22400132?
True
Is 2521 a factor of 19542792?
True
Is 78 a factor of 177280896?
True
Is 5847184328 a multiple of 9624?
False
Is 37 a factor of 67770594?
False
Is 234 a factor of 96902257?
False
Is 79905150 a multiple of 8775?
True
Is 807 a factor of 50920086?
True
Is 45030403 a multiple of 25?
False
Is 531319085 a multiple of 11?
True
Is 28 a factor of 37736832?
True
Is 55 a factor of 1167802295?
True
Is 8935960 a multiple of 5?
True
Does 18 divide 1263682422?
True
Does 9 divide 7033590?
True
Does 5654 divide 2514015726?
False
Is 9 a factor of 112400425?
False
Is 121 a factor of 847863335?
True
Is 7 a factor of 71235585?
False
Is 177632592 a multiple of 1252?
False
Is 7535731 a multiple of 4008?
False
Is 7 a factor of 32081020?
False
Is 48 a factor of 42660647?
False
Is 320512761 a multiple of 12?
False
Is 383 a factor of 174095331?
True
Is 100 a factor of 1301100?
True
Does 510 divide 31640164?
False
Is 207 a factor of 22075101?
True
Is 213256359 a multiple of 9?
True
Is 98 a factor of 464896222?
True
Is 295176518 a multiple of 91?
True
Does 9 divide 38730321?
True
Is 1278 a factor of 1913309136?
True
Does 481 divide 2181617641?
False
Is 110484836 a multiple of 11?
True
Is 85193313 a multiple of 7261?
True
Is 90 a factor of 26854784?
False
Is 59984707 a multiple of 14?
False
Is 4 a factor of 6870067?
False
Is 938 a factor of 1543812928?
True
Is 122203367 a multiple of 20?
False
Is 74 a factor of 121067921?
False
Is 77 a factor of 24911348?
True
Is 4946309 a multiple of 14?
False
Is 20270145 a multiple of 213?
True
Is 2109 a factor of 720795463?
False
Does 80 divide 21623760?
True
Is 2222677740 a multiple of 1948?
True
Is 333483670 even?
True
Is 202504242 a multiple of 6?
True
Is 27973161 a multiple of 6?
False
Is 33 a factor of 49840323?
False
Is 15023910 a multiple of 159?
True
Is 271 a factor of 37966940?
False
Is 18053658 a multiple of 204?
False
Is 2385019445 a multiple of 2731?
False
Is 40 a factor of 46137720?
True
Is 179205628 a multiple of 994?
False
Is 9 a factor of 104054742?
True
Does 191 divide 130602744?
True
Does 23 divide 584859824?
True
Is 343 a factor of 16382024?
False
Does 4449 divide 157109947?
False
Is 11 a factor of 297052617?
False
Does 7279 divide 176268264?
True
Is 126674597 a multiple of 1868?
False
Is 12 a factor of 1056298116?
True
Is 863895249 a multiple of 437?
True
Does 953 divide 475025698?
False
Does 3480 divide 59393717?
False
Is 360 a factor of 78863400?
True
Does 20 divide 9514720?
True
Does 23 divide 283071437?
False
Does 837 divide 228572145?
True
Does 77 divide 227481024?
False
Is 4714 a factor of 125245201?
False
Does 192 divide 91483343?
False
Does 103 divide 10194013?
True
Does 209 divide 88412753?
False
Is 3 a factor of 24601302?
True
Does 184 divide 82382872?
True
Is 34 a factor of 72054160?
True
Is 80616840 a multiple of 230?
True
Does 151 divide 17319644?
False
Is 462372680 a multiple of 1771?
True
Does 4487 divide 661796604?
True
Is 4838 a factor of 400853251?
False
Is 4 a factor of 113982585?
False
Does 595 divide 100329788?
False
Does 2 divide 8362370?
True
Is 42 a factor of 12936588?
True
Is 2076806 a multiple of 587?
True
Is 682327440 a multiple of 360?
True
Does 4 divide 3608780?
True
Is 107264800 a multiple of 16?
True
Is 1214 a factor of 695964575?
False
Does 2269 divide 846854332?
True
Is 578195037 a multiple of 189?
True
Does 46 divide 3020292736?
False
Does 10 divide 6248947?
False
Is 254 a factor of 249606503?
False
Is 48 a factor of 168144?
True
Does 4480 divide 907917478?
False
Does 370 divide 924295563?
False
Is 45219